 32*g - 675. Calculate the highest common divisor of 297 and g.
27
Let z(h) = h**2 - 63*h + 471. Let q be z(8). What is the greatest common divisor of 2 and q?
1
Let t = 35 - 3. Let r(h) = 29*h**2 - h - 2. Let q be r(2). Calculate the highest common divisor of t and q.
16
Suppose -9 = -2*r + 5. Let g(m) = -m**3 + m**2 + m + 183. Let w be g(0). Let p = w - 120. What is the highest common factor of r and p?
7
Let t = 85 + -83. Suppose -5*n + 250 = t*z, -4 = -2*n - 0. Calculate the highest common divisor of z and 20.
20
Let a be (3 - (-36)/(-16)) + 159/12. Suppose 5*u - 13*h + a*h = 383, 0 = 4*u - 4*h - 316. What is the highest common divisor of u and 11?
11
Let i(p) = 2*p**3 - 19*p**2 + 2*p - 210. Let y be i(11). Suppose -3*j + f = -74, -4*j + f - 5*f + 104 = 0. Calculate the greatest common divisor of j and y.
25
Let j = 8 - 3. Suppose -5*v - j*s + 185 = 0, -3*v + 53 = -v - 5*s. Suppose 5*z - 429 = -4*k, 2*k = 7 - 5. Calculate the highest common divisor of v and z.
17
Let d = -3 - -6. Let m be -8*(-4 + (d - 16)). Calculate the greatest common divisor of m and 17.
17
Suppose 0 = -5*m + 169 + 111. Suppose 4 = -2*w + 42. Suppose 23 = 3*y - w. What is the highest common divisor of y and m?
14
Let l be 2/(-3)*(-747)/6. Let y = l - 47. Calculate the greatest common factor of y and 90.
18
Let t be ((-9)/(-4))/((-21)/56). Let s be 84/9*t/(-7). Calculate the greatest common divisor of s and 40.
8
Let f(j) = -3*j**3 - 5*j**2 - 5*j - 16. Let x be f(-4). What is the highest common factor of 4 and x?
4
Let m(o) = -7*o + 102. Let v be m(-6). What is the highest common factor of v and 16?
16
Let k(y) = y**2 - 6*y + 2. Let q be k(5). Let c be (-148)/q + 15/(-45). Calculate the greatest common divisor of 7 and c.
7
Let g = -149 - -185. What is the greatest common factor of 918 and g?
18
Let d be 1/(-5)*-84 + (-31)/(-155). Let i = 133 + -74. Let r = -8 + i. What is the greatest common divisor of r and d?
17
Suppose 5 - 1 = p. Suppose 0 = -p*j + 5 + 3. Let d = -70 + 86. Calculate the highest common divisor of d and j.
2
Let s(g) = -g**3 + 241. Let d be s(0). Let v = d - 120. What is the highest common divisor of v and 11?
11
Let v = 72 - 51. Let y be 7/(-2)*(-300)/v. Calculate the greatest common factor of y and 125.
25
Let i(l) = 13*l + 21. Let u be i(23). Calculate the highest common divisor of 20 and u.
20
Suppose -7*f + 5 = -51. Let h = -18 + 30. Calculate the greatest common factor of h and f.
4
Let n be 1*0/3 + (11 - 7). Suppose -n*h = -0*h - 1672. What is the greatest common factor of h and 38?
38
Suppose m - 30 = -1. Suppose r - 2*r + m = 0. What is the greatest common factor of 203 and r?
29
Suppose 39 = -2*f - 3*t + 2*t, 0 = 5*f - 2*t + 120. Let z = f - -24. Suppose 0 = -3*o - z*o + 50. What is the highest common factor of o and 40?
10
Let i(d) = -26*d + 17. Let x be i(-11). Suppose 0 = 9*o + 51 - x. Calculate the highest common factor of o and 126.
14
Suppose 10*c - 6556 = 4174. What is the greatest common divisor of c and 111?
37
Suppose 3380 = 4*k + 2*o, 4*k - 8*o - 3386 = -7*o. Calculate the highest common divisor of 47 and k.
47
Suppose u - 6*u = -90. Let t be (-162)/(8/(-6) - 2/(-6)). Calculate the highest common divisor of u and t.
18
Let i = -222 + 237. Calculate the highest common divisor of i and 105.
15
Let n be (-5)/(-15)*(-2 - -8). Let q be 4/(n/(-12)*-3). Let m be (-2 - 79)*q/(-12). What is the highest common divisor of m and 6?
6
Suppose 3*x = 2*x + 120. Suppose -t + 36 = -3*g, -5*g - 94 = -74. What is the greatest common factor of x and t?
24
Let y be 3 + -1 - 5/(35/(-49)). Calculate the highest common factor of y and 18.
9
Let x = -578 + 598. Calculate the greatest common factor of 620 and x.
20
Let l be -1 + ((-48684)/(-24))/((-2)/(-4)). What is the highest common factor of 39 and l?
39
Let b = 44 + -41. Let d be (-1)/(b/5)*-3. Calculate the highest common divisor of 10 and d.
5
Let m = 12 + -5. Let d = -16 - -29. Suppose 3*s + d = c, -9 = -c + 3*s - s. Calculate the highest common divisor of c and m.
1
Let t = 140 + -55. Let s be (-26)/143 - (-1128)/33. Calculate the greatest common divisor of t and s.
17
Suppose 29 = 8*p - 11. Suppose -p*g = 25, 0 = u - 2*u + 4*g + 339. Calculate the greatest common factor of u and 29.
29
Suppose 4*y + 0*y - 1 = -q, -2*q + 2 = -4*y. Let m be (-2 - -4) + y - -2. Calculate the greatest common factor of m and 2.
2
Let u(b) = -b**3 - b**2 + 16*b + 10. Let v be u(-6). Calculate the highest common divisor of 1786 and v.
94
Let u = 478 - 414. What is the greatest common factor of 1344 and u?
64
Let g = 83 + -68. Let w = -42 + 47. What is the highest common divisor of g and w?
5
Let j be -2 - ((-594)/11 - (1 + -1)). Let n = 10 + -6. Calculate the highest common factor of n and j.
4
Let k be -1*(-3 - 0/3). Suppose -3*r + j = -19, 2*j + 6 - 4 = 0. Let c be (-4)/r*9*(-1)/2. What is the greatest common factor of k and c?
3
Suppose 0 = 4*k + 2 - 22. Suppose 3*c = -3*v + 6*v + 9, -k*c - 4*v + 6 = 0. What is the highest common divisor of c and 4?
2
Suppose -5*v + 32 + 8 = 5*p, -3*v = 0. Suppose 28 = 2*l - 20. Calculate the highest common factor of l and p.
8
Let p(a) = a**3 + 3*a**2 - 5*a + 4. Let t be p(-4). Calculate the highest common factor of 8 and t.
8
Let a = -15 + 17. Suppose 0 = a*m - 3*r - 175, 5*r - 16 - 9 = 0. Suppose -3*f = z - 4, z = -z - 3*f + 23. Calculate the greatest common factor of m and z.
19
Let h(b) = 11*b - 4. Let d be h(8). Let r = -4821 + 4833. Calculate the highest common divisor of d and r.
12
Suppose -7*i - 2*u + 563 = 3*u, -i = 5*u - 59. Suppose -3*n + 42 = -42. What is the greatest common factor of i and n?
28
Suppose -2*w + 6 + 2 = 0. Suppose -5*y + 12 = 2*j - 19, 0 = w*j + 4*y - 44. What is the greatest common divisor of j and 152?
8
Let o(p) = -3*p - 1. Let z = 1 + -2. Let k be o(z). Suppose 0 = 2*v - 10 + 6. Calculate the highest common divisor of v and k.
2
Let d = -5 + 8. Suppose o - 66 = -d*a, -2*o - 4*a + 1 = -123. Suppose -2*v = -2*z - o, 4*z + 125 = 5*v + z. Calculate the greatest common divisor of 198 and v.
22
Let n(x) = 7*x + 11. Let w be n(2). Calculate the highest common factor of w and 20.
5
Let g(t) = 869*t - 1. Let p be g(1). Let b = p + -611. Suppose -3*n + b = -271. What is the highest common divisor of 16 and n?
16
Let d = 11 + -18. Let q be 3/d + (4 - (-118)/14). What is the greatest common factor of q and 6?
6
Let g = 4 - 2. Suppose -15 = -d - 4*d. Suppose 5*x = g*q + 2*q - 166, -d*q = -3*x - 126. What is the highest common factor of q and 11?
11
Let d = 34 + -24. Let h(g) = g**3 - 3*g**2 + 2*g + 20. Let t be h(5). Calculate the greatest common factor of t and d.
10
Suppose 0 = -m - 4*z + 71, 5*m + 6*z = 2*z + 323. Let o = m - 31. Calculate the greatest common factor of o and 4.
4
Suppose 75 = -n + 99. Let o(a) be the second derivative of a**4/12 + a**3/6 + 3*a**2 + a. Let g be o(6). Calculate the highest common divisor of g and n.
24
Suppose -5*g = -8*g + 3*o + 72, -2*g = o - 51. Suppose 0 = p - 4*p - 9. Let l be (1/p*-10)/((-2)/(-3)). Calculate the highest common factor of l and g.
5
Let k be -9*(0 + -24)/2. Calculate the highest common factor of k and 1458.
54
Suppose 34*w - 35*w = 0. Suppose 4*m = 5*l + 22, 4*m - 6 + w = -3*l. What is the greatest common factor of 33 and m?
3
Let f be 427/28 + 5/(-4). Calculate the greatest common divisor of f and 434.
14
Suppose 0*j - j + 44 = 4*s, 2*j = -s + 18. Calculate the greatest common divisor of 360 and s.
10
Let n(i) = -i + 3. Let m be n(1). Suppose -4*r + 18 = m. Let j be (-2 + 60/5)*r. What is the greatest common factor of 8 and j?
8
Let p be 4 + (15 - 10) + 231. Calculate the greatest common divisor of 288 and p.
48
Let i = 34 - 32. Let s be (-32)/12*i*3/(-2). Suppose -2*p - 3*u + 185 = 0, 0 = 6*u - u - 15. Calculate the highest common divisor of s and p.
8
Let n(y) = -28*y + 286. Let w be n(10). What is the highest common factor of 42 and w?
6
Let h(j) = 2*j**2 + 5. Suppose -w = x - 20, 0 = -x - w + 5*w - 5. Let q = x + -10. Let m be h(q). What is the greatest common factor of 22 and m?
11
Let f = -294 - -350. Calculate the highest common divisor of 14 and f.
14
Let p = -154 - -670. What is the highest common factor of 12 and p?
12
Let v = 254 - 242. Suppose 0 = -0*h + 3*h + l - 32, -3*h + 3*l = -48. Calcu